{"id":3463,"date":"2026-03-23T10:08:13","date_gmt":"2026-03-23T09:08:13","guid":{"rendered":"https:\/\/bookworld.springer.schule\/?post_type=product&#038;p=3463"},"modified":"2026-03-23T10:34:55","modified_gmt":"2026-03-23T09:34:55","slug":"ipad-mit-e-book-abonnement-fuer-aktuelle-buecher-deiner-wahl","status":"publish","type":"product","link":"https:\/\/bookworld.springer.schule\/?product=ipad-mit-e-book-abonnement-fuer-aktuelle-buecher-deiner-wahl","title":{"rendered":"iPad mit E-Book Abonnement &#8211; f\u00fcr aktuelle B\u00fccher deiner Wahl"},"content":{"rendered":"<p>Mit unserem I Pad Bundle erh\u00e4ltst du die perfekte Kombination aus moderner Technik und hochwertigem Lernmaterial- alles in einem Praktischen Gesamtpaket!<\/p>\n<p>Erhalten sind:<\/p>\n<p>-1 x iPad (als Leihger\u00e4t)<br \/>\n-Digitale B\u00fccher und Lekt\u00fcren aus unserem firmeneigenen Verlag<br \/>\n-Regelm\u00e4\u00dfige Inhaltliche Updates<br \/>\n-Technischer Support<\/p>\n","protected":false},"excerpt":{"rendered":"<p>Mit unserem I Pad Bundle erh\u00e4ltst du die perfekte Kombination aus moderner Technik und hochwertigem Lernmaterial- alles in einem Praktischen Gesamtpaket! Erhalten sind: -1 x iPad (als Leihger\u00e4t) -Digitale B\u00fccher und Lekt\u00fcren aus unserem firmeneigenen Verlag -Regelm\u00e4\u00dfige Inhaltliche Updates -Technischer Support<\/p>\n","protected":false},"featured_media":3495,"comment_status":"open","ping_status":"closed","template":"","meta":[],"product_brand":[],"product_cat":[30],"product_tag":[],"class_list":{"0":"post-3463","1":"product","2":"type-product","3":"status-publish","4":"has-post-thumbnail","6":"product_cat-warenmittel","8":"first","9":"instock","10":"taxable","11":"shipping-taxable","12":"purchasable","13":"product-type-simple"},"_links":{"self":[{"href":"https:\/\/bookworld.springer.schule\/index.php?rest_route=\/wp\/v2\/product\/3463","targetHints":{"allow":["GET"]}}],"collection":[{"href":"https:\/\/bookworld.springer.schule\/index.php?rest_route=\/wp\/v2\/product"}],"about":[{"href":"https:\/\/bookworld.springer.schule\/index.php?rest_route=\/wp\/v2\/types\/product"}],"replies":[{"embeddable":true,"href":"https:\/\/bookworld.springer.schule\/index.php?rest_route=%2Fwp%2Fv2%2Fcomments&post=3463"}],"wp:featuredmedia":[{"embeddable":true,"href":"https:\/\/bookworld.springer.schule\/index.php?rest_route=\/wp\/v2\/media\/3495"}],"wp:attachment":[{"href":"https:\/\/bookworld.springer.schule\/index.php?rest_route=%2Fwp%2Fv2%2Fmedia&parent=3463"}],"wp:term":[{"taxonomy":"product_brand","embeddable":true,"href":"https:\/\/bookworld.springer.schule\/index.php?rest_route=%2Fwp%2Fv2%2Fproduct_brand&post=3463"},{"taxonomy":"product_cat","embeddable":true,"href":"https:\/\/bookworld.springer.schule\/index.php?rest_route=%2Fwp%2Fv2%2Fproduct_cat&post=3463"},{"taxonomy":"product_tag","embeddable":true,"href":"https:\/\/bookworld.springer.schule\/index.php?rest_route=%2Fwp%2Fv2%2Fproduct_tag&post=3463"}],"curies":[{"name":"wp","href":"https:\/\/api.w.org\/{rel}","templated":true}]}}