{"id":3325,"date":"2025-03-31T12:19:14","date_gmt":"2025-03-31T10:19:14","guid":{"rendered":"https:\/\/bookworld.springer.schule\/?post_type=product&#038;p=3325"},"modified":"2025-05-05T08:28:32","modified_gmt":"2025-05-05T06:28:32","slug":"kugelschreiber","status":"publish","type":"product","link":"https:\/\/bookworld.springer.schule\/?product=kugelschreiber","title":{"rendered":"Kugelschreiber"},"content":{"rendered":"<p>Kugelschreiber Senator Point Geh\u00e4use blau, Schreibfarbe blau<br \/>\nHochgl\u00e4nzende Oberfl\u00e4che und Akzente aus Metall<br \/>\nMit einer Schreibl\u00e4nge von ca. 1,8 km<\/p>\n","protected":false},"excerpt":{"rendered":"<p>Kugelschreiber Senator Point Geh\u00e4use blau, Schreibfarbe blau Hochgl\u00e4nzende Oberfl\u00e4che und Akzente aus Metall Mit einer Schreibl\u00e4nge von ca. 1,8 km<\/p>\n","protected":false},"featured_media":3326,"comment_status":"open","ping_status":"closed","template":"","meta":[],"product_brand":[],"product_cat":[62,58],"product_tag":[],"class_list":{"0":"post-3325","1":"product","2":"type-product","3":"status-publish","4":"has-post-thumbnail","6":"product_cat-extras","7":"product_cat-schreibwaren","9":"first","10":"instock","11":"taxable","12":"shipping-taxable","13":"purchasable","14":"product-type-simple"},"_links":{"self":[{"href":"https:\/\/bookworld.springer.schule\/index.php?rest_route=\/wp\/v2\/product\/3325","targetHints":{"allow":["GET"]}}],"collection":[{"href":"https:\/\/bookworld.springer.schule\/index.php?rest_route=\/wp\/v2\/product"}],"about":[{"href":"https:\/\/bookworld.springer.schule\/index.php?rest_route=\/wp\/v2\/types\/product"}],"replies":[{"embeddable":true,"href":"https:\/\/bookworld.springer.schule\/index.php?rest_route=%2Fwp%2Fv2%2Fcomments&post=3325"}],"wp:featuredmedia":[{"embeddable":true,"href":"https:\/\/bookworld.springer.schule\/index.php?rest_route=\/wp\/v2\/media\/3326"}],"wp:attachment":[{"href":"https:\/\/bookworld.springer.schule\/index.php?rest_route=%2Fwp%2Fv2%2Fmedia&parent=3325"}],"wp:term":[{"taxonomy":"product_brand","embeddable":true,"href":"https:\/\/bookworld.springer.schule\/index.php?rest_route=%2Fwp%2Fv2%2Fproduct_brand&post=3325"},{"taxonomy":"product_cat","embeddable":true,"href":"https:\/\/bookworld.springer.schule\/index.php?rest_route=%2Fwp%2Fv2%2Fproduct_cat&post=3325"},{"taxonomy":"product_tag","embeddable":true,"href":"https:\/\/bookworld.springer.schule\/index.php?rest_route=%2Fwp%2Fv2%2Fproduct_tag&post=3325"}],"curies":[{"name":"wp","href":"https:\/\/api.w.org\/{rel}","templated":true}]}}