{"id":3303,"date":"2025-03-31T11:55:24","date_gmt":"2025-03-31T09:55:24","guid":{"rendered":"https:\/\/bookworld.springer.schule\/?post_type=product&#038;p=3303"},"modified":"2025-05-05T08:19:21","modified_gmt":"2025-05-05T06:19:21","slug":"ride-along-2","status":"publish","type":"product","link":"https:\/\/bookworld.springer.schule\/?product=ride-along-2","title":{"rendered":"Ride Along 2"},"content":{"rendered":"<p>DVD<\/p>\n<p>Die bald verschw\u00e4gerten Polizei-Kollegen m\u00fcssen einen neuen, aufregenden Fall in Miami l\u00f6sen. Dort sollen sie einen bekannten Drogenring aufl\u00f6sen. <\/p>\n","protected":false},"excerpt":{"rendered":"<p>DVD Die bald verschw\u00e4gerten Polizei-Kollegen m\u00fcssen einen neuen, aufregenden Fall in Miami l\u00f6sen. Dort sollen sie einen bekannten Drogenring aufl\u00f6sen.<\/p>\n","protected":false},"featured_media":3304,"comment_status":"open","ping_status":"closed","template":"","meta":[],"product_brand":[],"product_cat":[54],"product_tag":[],"class_list":{"0":"post-3303","1":"product","2":"type-product","3":"status-publish","4":"has-post-thumbnail","6":"product_cat-dvds","8":"first","9":"instock","10":"taxable","11":"shipping-taxable","12":"purchasable","13":"product-type-simple"},"_links":{"self":[{"href":"https:\/\/bookworld.springer.schule\/index.php?rest_route=\/wp\/v2\/product\/3303","targetHints":{"allow":["GET"]}}],"collection":[{"href":"https:\/\/bookworld.springer.schule\/index.php?rest_route=\/wp\/v2\/product"}],"about":[{"href":"https:\/\/bookworld.springer.schule\/index.php?rest_route=\/wp\/v2\/types\/product"}],"replies":[{"embeddable":true,"href":"https:\/\/bookworld.springer.schule\/index.php?rest_route=%2Fwp%2Fv2%2Fcomments&post=3303"}],"wp:featuredmedia":[{"embeddable":true,"href":"https:\/\/bookworld.springer.schule\/index.php?rest_route=\/wp\/v2\/media\/3304"}],"wp:attachment":[{"href":"https:\/\/bookworld.springer.schule\/index.php?rest_route=%2Fwp%2Fv2%2Fmedia&parent=3303"}],"wp:term":[{"taxonomy":"product_brand","embeddable":true,"href":"https:\/\/bookworld.springer.schule\/index.php?rest_route=%2Fwp%2Fv2%2Fproduct_brand&post=3303"},{"taxonomy":"product_cat","embeddable":true,"href":"https:\/\/bookworld.springer.schule\/index.php?rest_route=%2Fwp%2Fv2%2Fproduct_cat&post=3303"},{"taxonomy":"product_tag","embeddable":true,"href":"https:\/\/bookworld.springer.schule\/index.php?rest_route=%2Fwp%2Fv2%2Fproduct_tag&post=3303"}],"curies":[{"name":"wp","href":"https:\/\/api.w.org\/{rel}","templated":true}]}}