{"id":49,"date":"2015-03-09T23:52:38","date_gmt":"2015-03-09T22:52:38","guid":{"rendered":"http:\/\/bookworld.springer-uefa.de\/?page_id=49"},"modified":"2018-11-22T17:37:41","modified_gmt":"2018-11-22T16:37:41","slug":"impressum-2","status":"publish","type":"page","link":"https:\/\/bookworld.springer.schule\/?page_id=49","title":{"rendered":"Impressum"},"content":{"rendered":"<p><strong class=\"title\">Tr\u00e4ger der \u00dcbungsfirma <\/strong><\/p>\n<div class=\"entry\">\n<p>Julius-Springer-Schule Heidelberg<br \/>\n<a href=\"http:\/\/www.springer-schule.de\/\" target=\"_blank\" rel=\"noopener\">http:\/\/www.springer-schule.de\/<\/a><\/p>\n<p><strong>Schulleitung<\/strong><br \/>\nOStD Uli Richard Liebler, Schulleiter<br \/>\nStD Andreas Herrmannspahn, stellvertretender Schulleiter<br \/>\nMark-Twain-Stra\u00dfe 1<br \/>\n69126 Heidelberg<br \/>\nTelefon: (0 6221) 58 410 200<br \/>\nTelefax: (0 6221) 58 410 204<\/p>\n<p><strong>Schultr\u00e4ger<\/strong><br \/>\nStadt Heidelberg<br \/>\nvertreten durch  &gt;&gt; Oberb\u00fcrgermeister Dr. Eckart W\u00fcrzner<br \/>\n(Diensteanbieter im Sinne des TDG\/MDStV)<\/p>\n<p><strong>Verantwortlicher f\u00fcr die Homepage<\/strong><br \/>\nTobias Heine<br \/>\nwebmaster@springer-uefa.de<\/p>\n<p><strong>Rechtliche Hinweise<\/strong><br \/>\nDas Layout der Homepage, die verwendeten Grafiken sowie Beitr\u00e4ge und Bilder sind urheberrechtlich gesch\u00fctzt. Die Seiten d\u00fcrfen ausschlie\u00dflich zum privaten Gebrauch ohne jegliche \u00c4nderung vervielf\u00e4ltigt werden. Eine Verbreitung von Kopien oder Ausz\u00fcgen ist nur mit schriftlicher Genehmigung zul\u00e4ssig.<\/p>\n<p><strong>Haftungsausschluss<\/strong><br \/>\nDie Informationen, die Sie auf diesem Internetauftritt vorfinden, wurden nach bestem Wissen und Gewissen sorgf\u00e4ltig zusammengestellt und gepr\u00fcft. Es wird jedoch keine Gew\u00e4hr \u2013 weder ausdr\u00fccklich noch stillschweigend \u2013 f\u00fcr die Vollst\u00e4ndigkeit, Richtigkeit, Aktualit\u00e4t oder Qualit\u00e4t und jederzeitige Verf\u00fcgbarkeit der bereit gestellten Informationen \u00fcbernommen. In keinem Fall wird f\u00fcr Sch\u00e4den, die sich aus der Verwendung der abgerufenen Informationen<br \/>\nergeben, eine Haftung \u00fcbernommen.<\/p>\n<p><strong>Internetseiten dritter Anbieter \/ Links<\/strong><br \/>\nDiese Internetseite enth\u00e4lt auch Links oder Verweise auf Internetauftritte Dritter. Diese Links zu den Internetauftritten Dritter stellen keine Zustimmung zu deren Inhalten durch den Herausgeber dar. Es wird keine Verantwortung f\u00fcr die Verf\u00fcgbarkeit oder den Inhalt solcher Internetauftritte \u00fcbernommen und keine Haftung f\u00fcr Sch\u00e4den oder Verletzungen, die aus der Nutzung \u2013 gleich welcher Art \u2013 solcher Inhalte entstehen. Mit den Links zu anderen Internetauftritten wird den Nutzern lediglich der Zugang zur Nutzung der Inhalte vermittelt. F\u00fcr illegale, fehlerhafte oder unvollst\u00e4ndige Inhalte und f\u00fcr Sch\u00e4den, die aus der Nutzung entstehen, haftet allein der Anbieter der Seite, auf welche verwiesen wurde<\/p>\n<\/div>\n","protected":false},"excerpt":{"rendered":"<p>Tr\u00e4ger der \u00dcbungsfirma Julius-Springer-Schule Heidelberg http:\/\/www.springer-schule.de\/ Schulleitung OStD Uli Richard Liebler, Schulleiter StD Andreas Herrmannspahn, stellvertretender Schulleiter Mark-Twain-Stra\u00dfe 1 69126 Heidelberg Telefon: (0 6221) 58 410 200 Telefax: (0 6221) 58 410 204 Schultr\u00e4ger Stadt Heidelberg vertreten durch &gt;&gt; Oberb\u00fcrgermeister Dr. Eckart W\u00fcrzner (Diensteanbieter im Sinne des TDG\/MDStV) Verantwortlicher f\u00fcr die Homepage Tobias Heine webmaster@springer-uefa.de [&hellip;]<\/p>\n","protected":false},"author":10,"featured_media":0,"parent":1657,"menu_order":2,"comment_status":"closed","ping_status":"closed","template":"","meta":{"footnotes":""},"class_list":["post-49","page","type-page","status-publish","hentry"],"_links":{"self":[{"href":"https:\/\/bookworld.springer.schule\/index.php?rest_route=\/wp\/v2\/pages\/49","targetHints":{"allow":["GET"]}}],"collection":[{"href":"https:\/\/bookworld.springer.schule\/index.php?rest_route=\/wp\/v2\/pages"}],"about":[{"href":"https:\/\/bookworld.springer.schule\/index.php?rest_route=\/wp\/v2\/types\/page"}],"author":[{"embeddable":true,"href":"https:\/\/bookworld.springer.schule\/index.php?rest_route=\/wp\/v2\/users\/10"}],"replies":[{"embeddable":true,"href":"https:\/\/bookworld.springer.schule\/index.php?rest_route=%2Fwp%2Fv2%2Fcomments&post=49"}],"version-history":[{"count":3,"href":"https:\/\/bookworld.springer.schule\/index.php?rest_route=\/wp\/v2\/pages\/49\/revisions"}],"predecessor-version":[{"id":1637,"href":"https:\/\/bookworld.springer.schule\/index.php?rest_route=\/wp\/v2\/pages\/49\/revisions\/1637"}],"up":[{"embeddable":true,"href":"https:\/\/bookworld.springer.schule\/index.php?rest_route=\/wp\/v2\/pages\/1657"}],"wp:attachment":[{"href":"https:\/\/bookworld.springer.schule\/index.php?rest_route=%2Fwp%2Fv2%2Fmedia&parent=49"}],"curies":[{"name":"wp","href":"https:\/\/api.w.org\/{rel}","templated":true}]}}